hat are the prime factors of 9131924244?
2, 3, 317, 569, 4219
What are the prime factors of 2862112229?
2862112229
List the prime factors of 135011213.
47, 2872579
What are the prime factors of 1937231497?
947, 2045651
What are the prime factors of 3146269582?
2, 47, 33470953
List the prime factors of 307106284.
2, 149, 515279
What are the prime factors of 30359388?
2, 3, 37, 101, 677
What are the prime factors of 586292918?
2, 19, 15428761
What are the prime factors of 32212510?
2, 5, 11, 292841
List the prime factors of 2371611491.
97, 24449603
What are the prime factors of 948613041?
3, 1433, 73553
What are the prime factors of 23589317?
19, 521, 2383
What are the prime factors of 51426397?
11, 211, 22157
What are the prime factors of 1459659171?
3, 101, 4817357
What are the prime factors of 150475135?
5, 1423, 21149
List the prime factors of 17550569.
17550569
What are the prime factors of 2875749987?
3, 11, 193, 451523
List the prime factors of 1971618388.
2, 492904597
List the prime factors of 862663492.
2, 293, 736061
List the prime factors of 142912122.
2, 3, 2551, 9337
List the prime factors of 36866851.
7, 79, 163, 409
What are the prime factors of 156464352?
2, 3, 11, 101, 163
List the prime factors of 989952359.
11, 89995669
What are the prime factors of 195137073?
3, 271, 26669
List the prime factors of 5297919.
3, 11, 37, 4339
List the prime factors of 1132561209.
3, 13, 47, 617873
What are the prime factors of 250577553?
3, 4093, 20407
List the prime factors of 44087079.
3, 61, 240913
List the prime factors of 195739549.
31, 523, 12073
What are the prime factors of 829025414?
2, 7, 83, 101921
List the prime factors of 833861422.
2, 313, 1332047
What are the prime factors of 3549840293?
3549840293
List the prime factors of 367212393.
3, 17, 331, 2417
List the prime factors of 34054405.
5, 7, 11, 197, 449
List the prime factors of 6722272.
2, 210071
What are the prime factors of 215062892?
2, 11, 4887793
List the prime factors of 336287943.
3, 1383901
List the prime factors of 155438218.
2, 13, 5978393
What are the prime factors of 59364038?
2, 73, 617, 659
List the prime factors of 32927170.
2, 5, 3292717
What are the prime factors of 617501005?
5, 11, 11227291
List the prime factors of 805491430.
2, 5, 4549, 17707
List the prime factors of 592400852.
2, 43, 1193, 2887
List the prime factors of 22269835.
5, 7, 227, 2803
What are the prime factors of 46379115?
3, 5, 503, 683
List the prime factors of 36022296.
2, 3, 1500929
What are the prime factors of 2091771642?
2, 3, 348628607
What are the prime factors of 612097185?
3, 5, 7, 587, 9931
List the prime factors of 2695799576.
2, 37, 1439, 6329
List the prime factors of 953761256.
2, 7, 17031451
List the prime factors of 25797662.
2, 11, 443, 2647
List the prime factors of 10219203.
3, 79, 1597
List the prime factors of 310494984.
2, 3, 2143, 6037
What are the prime factors of 754317517?
79, 359, 26597
List the prime factors of 10565257.
23, 127, 3617
What are the prime factors of 2693129631?
3, 29, 97, 319129
List the prime factors of 260491879.
8443, 30853
What are the prime factors of 99926817?
3, 151, 220589
What are the prime factors of 340618066?
2, 12241, 13913
What are the prime factors of 678860255?
5, 317, 428303
What are the prime factors of 8030194?
2, 599, 6703
What are the prime factors of 1119417121?
2903, 385607
List the prime factors of 155866297.
41, 3801617
What are the prime factors of 39678124?
2, 9919531
List the prime factors of 226823903.
226823903
What are the prime factors of 49973406?
2, 3, 7, 1189843
What are the prime factors of 349095513?
3, 13, 1187, 7541
What are the prime factors of 171244829?
7, 47, 71, 7331
List the prime factors of 31650231.
3, 23, 317, 1447
List the prime factors of 355203843.
3, 103, 1149527
List the prime factors of 201099638.
2, 149, 674831
List the prime factors of 242734588.
2, 31, 139, 14083
List the prime factors of 293304912.
2, 3, 6110519
List the prime factors of 450152143.
7, 64307449
What are the prime factors of 980502392?
2, 1319, 92921
List the prime factors of 133954429.
7, 19136347
List the prime factors of 69710493.
3, 23, 1010297
List the prime factors of 644617886.
2, 11, 73, 401381
What are the prime factors of 85522035?
3, 5, 5701469
What are the prime factors of 1553938392?
2, 3, 137, 293, 1613
List the prime factors of 449249068.
2, 1583, 70949
What are the prime factors of 119483935?
5, 293, 81559
What are the prime factors of 9785008?
2, 283, 2161
What are the prime factors of 93848171?
93848171
What are the prime factors of 12986676?
2, 3, 120247
What are the prime factors of 54879255?
3, 5, 406513
What are the prime factors of 43944593?
7, 11, 197, 2897
List the prime factors of 56745291.
3, 97, 109, 1789
What are the prime factors of 500375968?
2, 53, 295033
List the prime factors of 21722401.
373, 58237
What are the prime factors of 1304953145?
5, 239, 293, 3727
What are the prime factors of 127532793?
3, 17, 709, 3527
What are the prime factors of 14293628?
2, 79, 45233
What are the prime factors of 619105708?
2, 13, 11905879
List the prime factors of 3662938092.
2, 3, 11, 641, 43291
List the prime factors of 609749824.
2, 19, 29, 17291
What are the prime factors of 153945894?
2, 3, 3643, 7043
List the prime factors of 25816062.
2, 3, 197, 21841
List the prime factors of 1056996017.
7, 11, 149, 181, 509
List the prime factors of 2788271443.
12647, 220469
What are the prime factors of 192040169?
373, 514853
List the prime factors of 3488769771.
3, 4013, 289789
What are the prime factors of 520792298?
2, 13, 83, 373, 647
List the prime factors of 6964409214.
2, 3, 7, 18424363
What are the prime factors of 18627549?
3, 6209183
List the prime factors of 774827975.
5, 1979, 15661
List the prime factors of 48527876.
2, 47, 258127
What are the prime factors of 2190844428?
2, 3, 83, 2199643
What are the prime factors of 7191973795?
5, 41, 35082799
List the prime factors of 123183416.
2, 29, 223, 2381
What are the prime factors of 44995856?
2, 2812241
List the prime factors of 669265710.
2, 3, 5, 4051, 5507
What are the prime factors of 1123573258?
2, 47, 11952907
List the prime factors of 3758211392.
2, 13, 4517081
List the prime factors of 1687919960.
2, 5, 42197999
What are the prime factors of 731003392?
2, 7, 59, 3457
List the prime factors of 1503685173.
3, 17, 97, 303959
What are the prime factors of 305864680?
2, 5, 11, 17, 103, 397
List the prime factors of 1435278908.
2, 7, 51259961
List the prime factors of 996944726.
2, 281, 1773923
List the prime factors of 15291474.
2, 3, 11, 443, 523
What are the prime factors of 910459872?
2, 3, 7, 29, 179
List the prime factors of 345472987.
345472987
What are the prime factors of 5746934639?
109, 52724171
List the prime factors of 3083654.
2, 7, 37, 5953
What are the prime factors of 799368376?
2, 99921047
List the prime factors of 220019865.
3, 5, 13, 17, 31, 2141
What are the prime factors of 2097064726?
2, 1048532363
What are the prime factors of 47342993?
23, 29, 70979
What are the prime factors of 206083404?
2, 3, 23, 248893
List the prime factors of 4222651902.
2, 3, 7, 100539331
List the prime factors of 1043329104.
2, 3, 587, 12343
What are the prime factors of 1921754550?
2, 3, 5, 12811697
What are the prime factors of 237811213?
809, 293957
What are the prime factors of 3255746085?
3, 5, 281, 257473
What are the prime factors of 283649506?
2, 7, 20260679
What are the prime factors of 1013272430?
2, 5, 101327243
List the prime factors of 372708782.
2, 17, 59, 185797
List the prime factors of 213574679.
43, 4966853
What are the prime factors of 46810638?
2, 3, 7, 371513
What are the prime factors of 56309112?
2, 3, 782071
What are the prime factors of 192946151?
192946151
List the prime factors of 51173925.
3, 5, 11, 5639
What are the prime factors of 26850679?
26850679
List the prime factors of 26923085.
5, 7, 769231
List the prime factors of 7560453935.
5, 1512090787
What are the prime factors of 264255592?
2, 101, 359, 911
What are the prime factors of 2102421042?
2, 3, 17, 41, 83, 673
What are the prime factors of 801579195?
3, 5, 281, 63391
What are the prime factors of 7230296950?
2, 5, 163, 887153
List the prime factors of 45493673.
73